s of 6661754638?
2, 7, 11, 23, 1880789
What are the prime factors of 24801356?
2, 6200339
What are the prime factors of 87914542?
2, 61, 720611
List the prime factors of 492836605.
5, 31, 41, 77551
List the prime factors of 35766791.
35766791
What are the prime factors of 74436443?
41, 1815523
List the prime factors of 271733635.
5, 179, 303613
List the prime factors of 61395455.
5, 11, 1116281
List the prime factors of 53545145.
5, 10709029
What are the prime factors of 171783684?
2, 3, 47, 101527
What are the prime factors of 3802840614?
2, 3, 19, 109, 102013
List the prime factors of 1303391028.
2, 3, 47, 2310977
What are the prime factors of 594448291?
594448291
List the prime factors of 110825312.
2, 13, 17, 15671
What are the prime factors of 61798058?
2, 7, 4414147
List the prime factors of 61673560.
2, 5, 13, 118603
What are the prime factors of 3399140021?
17, 199949413
List the prime factors of 3851550000.
2, 3, 5, 317
What are the prime factors of 217498292?
2, 11, 4943143
List the prime factors of 114813371.
19, 97, 62297
List the prime factors of 2992195865.
5, 22349, 26777
What are the prime factors of 47328545?
5, 11, 78229
List the prime factors of 421314693.
3, 59, 67, 35527
List the prime factors of 40183993.
19, 157, 709
What are the prime factors of 143228623?
143228623
List the prime factors of 56095342.
2, 17, 1649863
What are the prime factors of 1042839070?
2, 5, 7, 13, 31, 5281
List the prime factors of 8533441.
7, 787, 1549
What are the prime factors of 858325453?
858325453
What are the prime factors of 186941260?
2, 5, 11, 849733
List the prime factors of 99619059.
3, 37, 897469
What are the prime factors of 787197724?
2, 23, 1171, 7307
List the prime factors of 1168744469.
1168744469
What are the prime factors of 2787087297?
3, 929029099
What are the prime factors of 890514720?
2, 3, 5, 618413
What are the prime factors of 3178465596?
2, 3, 857, 11447
List the prime factors of 2646572056.
2, 97, 367, 9293
List the prime factors of 12590307.
3, 863, 1621
List the prime factors of 66224937.
3, 19, 1161841
What are the prime factors of 3277085460?
2, 3, 5, 11, 179, 27739
What are the prime factors of 58384959?
3, 53, 367201
What are the prime factors of 111911974?
2, 23, 2432869
What are the prime factors of 3126201?
3, 13, 71, 1129
List the prime factors of 1840332784.
2, 115020799
List the prime factors of 14282303.
7, 197, 10357
List the prime factors of 43212259.
89, 397, 1223
List the prime factors of 640647802.
2, 179, 1789519
List the prime factors of 2644833127.
647, 823, 4967
What are the prime factors of 29305000?
2, 5, 5861
What are the prime factors of 38922116?
2, 9730529
What are the prime factors of 61026935?
5, 23, 530669
What are the prime factors of 20573504?
2, 7, 19, 2417
List the prime factors of 143609224.
2, 11, 41, 53, 751
What are the prime factors of 83395716?
2, 3, 1787, 3889
What are the prime factors of 26198228?
2, 7, 935651
List the prime factors of 23734675.
5, 949387
What are the prime factors of 57129224?
2, 7141153
List the prime factors of 2070073299.
3, 7, 37, 2664187
What are the prime factors of 34477131?
3, 13, 884029
What are the prime factors of 1294333322?
2, 647166661
What are the prime factors of 1168017992?
2, 107, 523, 2609
List the prime factors of 1966743294.
2, 3, 17, 23, 47, 17837
List the prime factors of 59523077.
59523077
What are the prime factors of 170553001?
5407, 31543
List the prime factors of 599871771.
3, 22217473
What are the prime factors of 992870208?
2, 3, 11, 156703
What are the prime factors of 698263265?
5, 7, 103, 109, 1777
List the prime factors of 18554151.
3, 7, 11, 31, 2591
What are the prime factors of 138564561?
3, 103, 509, 881
What are the prime factors of 41933055?
3, 5, 2795537
List the prime factors of 963357133.
19, 59, 859373
List the prime factors of 17601507.
3, 7, 11, 2309
List the prime factors of 121057166.
2, 163, 371341
List the prime factors of 1467083.
17, 211, 409
List the prime factors of 6787700854.
2, 11, 308531857
List the prime factors of 2345968989.
3, 7, 13, 31, 92401
What are the prime factors of 101667014?
2, 89, 571163
What are the prime factors of 17674497?
3, 654611
What are the prime factors of 1092994?
2, 7, 19, 587
What are the prime factors of 1491354950?
2, 5, 29827099
What are the prime factors of 68812110?
2, 3, 5, 19, 40241
List the prime factors of 351797613.
3, 233, 503287
What are the prime factors of 733982919?
3, 2287, 106979
List the prime factors of 676648.
2, 7, 43, 281
List the prime factors of 24745424.
2, 11, 23, 6113
List the prime factors of 674590095.
3, 5, 53, 282847
List the prime factors of 31005743.
31005743
What are the prime factors of 37530936?
2, 3, 383, 1361
What are the prime factors of 111813801?
3, 11, 308027
List the prime factors of 1036963881.
3, 59, 1952851
List the prime factors of 957076.
2, 23, 101, 103
What are the prime factors of 4839137?
4839137
List the prime factors of 3806598111.
3, 19, 66782423
List the prime factors of 3638245891.
7, 769, 675877
What are the prime factors of 7234347?
3, 2411449
List the prime factors of 855742383.
3, 31, 127, 24151
List the prime factors of 1514276.
2, 378569
What are the prime factors of 568411024?
2, 35525689
List the prime factors of 160892991.
3, 7, 2553857
What are the prime factors of 146051364?
2, 3, 12170947
List the prime factors of 3871056751.
19, 13229, 15401
What are the prime factors of 200711591?
200711591
What are the prime factors of 99438114?
2, 3, 197, 84127
List the prime factors of 1196554632.
2, 3, 7, 13, 149, 3677
List the prime factors of 452656234.
2, 31, 61, 119687
What are the prime factors of 1526058280?
2, 5, 23, 1658759
What are the prime factors of 676641144?
2, 3, 569, 49549
What are the prime factors of 143876998?
2, 157, 458207
What are the prime factors of 92673894?
2, 3, 223, 69263
List the prime factors of 109612339.
109612339
What are the prime factors of 113886490?
2, 5, 281, 40529
List the prime factors of 6589144.
2, 823643
List the prime factors of 114731698.
2, 57365849
List the prime factors of 24296559.
3, 7, 41, 28219
What are the prime factors of 13175754?
2, 3, 71, 157, 197
What are the prime factors of 23284313?
13, 137777
List the prime factors of 2140235848.
2, 19, 751, 18749
List the prime factors of 40886434.
2, 1231, 16607
What are the prime factors of 2113405136?
2, 132087821
What are the prime factors of 7036337855?
5, 1407267571
What are the prime factors of 3502738?
2, 877, 1997
What are the prime factors of 826752048?
2, 3, 17224001
List the prime factors of 200348065.
5, 19, 2108927
What are the prime factors of 85164978?
2, 3, 179, 443
List the prime factors of 132410523.
3, 7, 6305263
What are the prime factors of 498353127?
3, 971, 171079
What are the prime factors of 12143856?
2, 3, 431, 587
List the prime factors of 1423013059.
13, 23, 53, 89797
What are the prime factors of 263802660?
2, 3, 5, 11, 313, 1277
What are the prime factors of 201492312?
2, 3, 7, 31, 5527
What are the prime factors of 157638299?
7, 13, 133253
List the prime factors of 370792230.
2, 3, 5, 139, 88919
List the prime factors of 64944397.
7, 9277771
What are the prime factors of 31303576?
2, 3912947
List the prime factors of 39873980.
2, 5, 1993699
List the prime factors of 781974254.
2, 14081, 27767
What are the prime factors of 34600501?
13, 19, 71, 1973
List the prime factors of 14994000.
2, 3, 5, 7, 17
What are the prime factors of 250376544?
2, 3, 11, 17, 4649
What are the prime factors of 24186845?
5, 4837369
List the prime factors of 254769917.
19, 463, 28961
List the prime factors of 7026808.
2, 19, 46229
List the prime factors of 315320258.
2, 11, 41, 349579
What are the prime factors of 27322089?
3, 29, 103, 3049
What are the prime factors of 1608405408?
2, 3, 5584741
List the prime factors of 17903070.
2, 3, 5, 67, 2969
List the prime factors of 2202727577.
67, 3733, 8807
What are the prime factors of 34306259?
13, 967, 2729
What are the prime factors of 31808094?
2, 3, 5301349
List the prime factors of 2563786969.
907, 2826667
What are the prime factors of 47955764?
2, 11988941
What are the prime factors of 88704997?
17, 23, 29, 7823
List the prime factors of 118536599.
118536599
W